{"id":906,"date":"2018-05-28T14:14:38","date_gmt":"2018-05-28T12:14:38","guid":{"rendered":"http:\/\/www.firstcisl.it\/mps\/?page_id=906"},"modified":"2025-07-09T15:39:38","modified_gmt":"2025-07-09T13:39:38","slug":"consorzio-operativo-gruppo-mps","status":"publish","type":"page","link":"https:\/\/www.firstcisl.it\/mps\/chi-siamo\/consorzio-operativo-gruppo-mps\/","title":{"rendered":"Consorzio Operativo Gruppo MPS"},"content":{"rendered":"<p>La Societ\u00e0 di servizi del Gruppo \u00e8 dislocata su cinque poli territoriali:<\/p>\n<p><strong>Siena<br \/>\n<\/strong>Barbara Spezia<br \/>\nFrancesco Vittori<\/p>\n<p><strong>Firenze<br \/>\n<\/strong>Niccol\u00f2 Fanfani<br \/>\nLuca Bartolini<\/p>\n<p><strong>Padova<br \/>\n<\/strong>Enzo Angi<\/p>\n<p><strong>Mantova<br \/>\n<\/strong>Stefano Pinardi<br \/>\nDania Bonardi<\/p>\n<p><strong>Lecce<\/strong><\/p>\n<p>&nbsp;<\/p>\n<div class=\"gsp_post_data\" \r\n\t            data-post_type=\"page\" \r\n\t            data-cat=\"\" \r\n\t            data-modified=\"120\"\r\n\t            data-created=\"1527516878\"\r\n\t            data-title=\"Consorzio Operativo Gruppo MPS\" \r\n\t            data-home=\"https:\/\/www.firstcisl.it\/mps\"><\/div>","protected":false},"excerpt":{"rendered":"<p>La Societ\u00e0 di servizi del Gruppo \u00e8 dislocata su cinque poli territoriali: Siena Barbara Spezia Francesco Vittori Firenze Niccol\u00f2 Fanfani Luca Bartolini Padova Enzo Angi Mantova Stefano Pinardi Dania Bonardi Lecce &nbsp;<\/p>\n","protected":false},"author":70,"featured_media":0,"parent":4,"menu_order":0,"comment_status":"closed","ping_status":"closed","template":"","meta":{"footnotes":""},"class_list":["post-906","page","type-page","status-publish","hentry"],"_links":{"self":[{"href":"https:\/\/www.firstcisl.it\/mps\/wp-json\/wp\/v2\/pages\/906","targetHints":{"allow":["GET"]}}],"collection":[{"href":"https:\/\/www.firstcisl.it\/mps\/wp-json\/wp\/v2\/pages"}],"about":[{"href":"https:\/\/www.firstcisl.it\/mps\/wp-json\/wp\/v2\/types\/page"}],"author":[{"embeddable":true,"href":"https:\/\/www.firstcisl.it\/mps\/wp-json\/wp\/v2\/users\/70"}],"replies":[{"embeddable":true,"href":"https:\/\/www.firstcisl.it\/mps\/wp-json\/wp\/v2\/comments?post=906"}],"version-history":[{"count":9,"href":"https:\/\/www.firstcisl.it\/mps\/wp-json\/wp\/v2\/pages\/906\/revisions"}],"predecessor-version":[{"id":2429,"href":"https:\/\/www.firstcisl.it\/mps\/wp-json\/wp\/v2\/pages\/906\/revisions\/2429"}],"up":[{"embeddable":true,"href":"https:\/\/www.firstcisl.it\/mps\/wp-json\/wp\/v2\/pages\/4"}],"wp:attachment":[{"href":"https:\/\/www.firstcisl.it\/mps\/wp-json\/wp\/v2\/media?parent=906"}],"curies":[{"name":"wp","href":"https:\/\/api.w.org\/{rel}","templated":true}]}}