{"id":817,"date":"2018-01-18T11:03:02","date_gmt":"2018-01-18T10:03:02","guid":{"rendered":"http:\/\/www.firstcisl.it\/liguria\/?page_id=817"},"modified":"2018-01-18T11:03:02","modified_gmt":"2018-01-18T10:03:02","slug":"giornata-storica-per-first-cisl-e-first-social-life","status":"publish","type":"page","link":"https:\/\/www.firstcisl.it\/liguria\/home\/social-life-liguria\/giornata-storica-per-first-cisl-e-first-social-life\/","title":{"rendered":"Giornata storica per First Cisl e First Social Life"},"content":{"rendered":"<div id=\"viewlet-above-content-title\">\n<h4 class=\"documentByLine\">Romani: la mostra degli Uffizi a Casal di Principe grande successo della nostra organizzazione<\/h4>\n<\/div>\n<div id=\"content-body\">\n<div id=\"viewlet-above-content-body\"><\/div>\n<div id=\"content-core\">\n<div id=\"parent-fieldname-text\" class=\"plain\">\n<p>\u201c<i>Una giornata memorabile che premia l\u2019impegno, la creativit\u00e0 ed il coraggio di chi nella nostra organizzazione crede nel valore alto e universale del sindacato<\/i>\u201d. Cosi\u00a0<b>Giulio Romani<\/b>, Segretario Generale della First Cisl, presente\u00a0 e visibilmente commosso all\u2019inaugurazione della Mostra \u201cla luce vince l\u2019ombra. Gli Uffizi a Casal di Principe\u201d che domenica scorsa si \u00e8 tenuta a Casal Di Principe, nel casale confiscato al boss della camorra Egidio Coppola, detto Brutus e ora\u00a0 dedicato alla memoria di don Peppe Diana, il parroco ucciso dai sicari del clan il 19 marzo 1993.<\/p>\n<p>\u201c<i>Oggi si \u00e8 compiuto un vero e proprio miracolo: in pochissimo tempo si sono messi insieme soggetti provenienti dal mondo del lavoro, del sindacato, dell\u2019impresa, dalle istituzioni che, grazie alla collaborazione e all\u2019unit\u00e0 di intenti, hanno dato vita al primo polo museale sorto su un bene confiscato alla mafia<\/i>\u201d ha dichiarato Romani nel corso dell\u2019inaugurazione della mostra.<\/p>\n<p>La mostra, che fino al 21 ottobre 2015 espone 19 opere d\u2019arte provenienti dagli\u00a0<b>Uffizi<\/b>, da\u00a0<b>Capodimonte<\/b>\u00a0e dal\u00a0<b>museo di Capua,\u00a0<\/b>\u00e8 stata organizzata e allestita in tempi record grazie all\u2019impegno straordinario di un gruppo di sognatori coordinato da\u00a0<b>Giacinto Palladino,\u00a0<\/b>Presidente di First Cisl Social Life \u2013 l\u2019associazione di promozione sociale di First Cisl \u2013 e\u00a0<b>Alessandro De Lisi<\/b>\u00a0&#8211; responsabile culturale di \u201cR_Rinascita\u201d\u00a0 e direttore dell\u2019iniziativa \u201cLa citt\u00e0 degli Uffizi\u201d &#8211;\u00a0 sotto l\u2019Alto Patronato del Presidente della Repubblica e il sostegno di Confindustria Nazionale.<\/p>\n<p>Per raccontare la luce che vince l\u2019ombra \u00a0il Direttore della Galleria degli Uffizi,\u00a0<b>Antonio Natali,\u00a0<\/b>e il Direttore del Polo Museale Regionale della Puglia,\u00a0<b>Fabrizio Vona,\u00a0<\/b>curatori della mostra, hanno scelto\u00a0grandi capolavori\u00a0 di immenso valore artistico e forte impatto simbolico. Un percorso museale che non a caso include anche 2 opere danneggiate dall\u2019attentato mafioso del 27 maggio\u00a0 1993\u00a0 in cui l\u2019esplosione di un autobomba collocata in via dei Georgofili a Firenze\u00a0 uccideva 5 persone, ne feriva 50 e danneggiava parte del patrimonio degli uffizi provocando danni anche alle strutture architettoniche.<\/p>\n<p>\u201c\u00c8 la storia di riscatto che d\u00e0 l\u2019esempio all\u2019intera Italia\u201d. Ha affermato il ministro dei Beni culturali\u00a0<b>Dario Franceschini<\/b>\u00a0alla conferenza stampa della mostra. \u201cL\u2019avvio \u2013 spiega a \u201cIl Mattino\u201d Alessandro De Lisi &#8211;\u00a0 di una fase rivoluzionaria che vede protagonista la migliore giovent\u00f9 e le associazioni del territorio\u201d.<\/p>\n<p>La mostra ha fatto anche altri miracoli: ha consentito il\u00a0 ritorno a Casale dopo 8 anni di Roberto Saviano, accolto dai suoi compaesani con ovazioni ed applausi ma soprattutto ha coinvolto tantissimi giovani tra cui gli 80 \u201c<b>Ambasciatori della Rinascita<\/b>\u201c, ragazzi che faranno da guida durante i 4 mesi della mostra, narratori di una terra martoriata che vuole vincere\u00a0<b>Gomorra<\/b>, scoprendo il bello, il giusto e il legale.<\/p>\n<p>Molti i rappresentanti del mondo sindacale presenti all\u2019inaugurazione provenienti da territori e federazioni vicine e lontane, da\u00a0<b>Marco Bentivogli<\/b>, Segretario Generale Fim Cisl a\u00a0<b>Battista Villa<\/b>, Segretario Generale della FILCA (federazione edili Cisl) Lombardia, a tantissimi altri.<\/p>\n<p><i>\u201cCome metalmeccanici stiamo lottando qui vicino per difendere i lavoratori della Whirlpool. Questa mostra dimostra che il sindacato pu\u00f2 essere impegnato in diversi ma convergenti battaglie per il lavoro, la dignit\u00e0 e la legalit\u00e0\u201d<\/i>\u00a0ha dichiarato un emozionato Bentivogli tra una folla oceanica di Casalesi orgogliosi per una volta di essere rappresentati e raccontati dai mass media di tutto il mondo.<\/p>\n<p>Paola Vinciguerra<\/p>\n<p>&nbsp;<\/p>\n<p>Guarda il video-<b><a class=\"external-link\" href=\"https:\/\/www.youtube.com\/watch?v=UE3IZizX5cQ\">intervista a Roberto Saviano<\/a><\/b>, intervenuto all&#8217;inaugurazione della mostra, il 21 giugno<\/p>\n<p><b><a class=\"external-link\" href=\"https:\/\/www.facebook.com\/RinascitaPerCasalDiPrincipe?fref=ts\">fbook R_rinascita<\/a><\/b><\/p>\n<p>&nbsp;<\/p>\n<p><span class=\"documentPublished\">26\/06\/2015<\/span>\u00a0, <span class=\"documentAuthor\">#firstsociallife<\/span><\/p>\n<\/div>\n<\/div>\n<\/div>\n<div class=\"gsp_post_data\" \r\n\t            data-post_type=\"page\" \r\n\t            data-cat=\"\" \r\n\t            data-modified=\"120\"\r\n\t            data-created=\"1516273382\"\r\n\t            data-title=\"Giornata storica per First Cisl e First Social Life\" \r\n\t            data-home=\"https:\/\/www.firstcisl.it\/liguria\"><\/div>","protected":false},"excerpt":{"rendered":"<p>Romani: la mostra degli Uffizi a Casal di Principe grande successo della nostra organizzazione \u201cUna giornata memorabile che premia l\u2019impegno, la creativit\u00e0 ed il coraggio di chi nella nostra organizzazione crede nel valore alto e universale del sindacato\u201d. Cosi\u00a0Giulio Romani, Segretario Generale della First Cisl, presente\u00a0 e visibilmente commosso all\u2019inaugurazione della Mostra \u201cla luce vince [&hellip;]<\/p>\n","protected":false},"author":58,"featured_media":0,"parent":713,"menu_order":0,"comment_status":"closed","ping_status":"closed","template":"","meta":{"footnotes":""},"class_list":["post-817","page","type-page","status-publish","hentry"],"_links":{"self":[{"href":"https:\/\/www.firstcisl.it\/liguria\/wp-json\/wp\/v2\/pages\/817","targetHints":{"allow":["GET"]}}],"collection":[{"href":"https:\/\/www.firstcisl.it\/liguria\/wp-json\/wp\/v2\/pages"}],"about":[{"href":"https:\/\/www.firstcisl.it\/liguria\/wp-json\/wp\/v2\/types\/page"}],"author":[{"embeddable":true,"href":"https:\/\/www.firstcisl.it\/liguria\/wp-json\/wp\/v2\/users\/58"}],"replies":[{"embeddable":true,"href":"https:\/\/www.firstcisl.it\/liguria\/wp-json\/wp\/v2\/comments?post=817"}],"version-history":[{"count":1,"href":"https:\/\/www.firstcisl.it\/liguria\/wp-json\/wp\/v2\/pages\/817\/revisions"}],"predecessor-version":[{"id":818,"href":"https:\/\/www.firstcisl.it\/liguria\/wp-json\/wp\/v2\/pages\/817\/revisions\/818"}],"up":[{"embeddable":true,"href":"https:\/\/www.firstcisl.it\/liguria\/wp-json\/wp\/v2\/pages\/713"}],"wp:attachment":[{"href":"https:\/\/www.firstcisl.it\/liguria\/wp-json\/wp\/v2\/media?parent=817"}],"curies":[{"name":"wp","href":"https:\/\/api.w.org\/{rel}","templated":true}]}}

<div id="viewlet-above-content-title">
<h4 class="documentByLine">Romani: la mostra degli Uffizi a Casal di Principe grande successo della nostra organizzazione</h4>
</div>
<div id="content-body">
<div id="viewlet-above-content-body"></div>
<div id="content-core">
<div id="parent-fieldname-text" class="plain">
<p>“<i>Una giornata memorabile che premia l’impegno, la creatività ed il coraggio di chi nella nostra organizzazione crede nel valore alto e universale del sindacato</i>”. Cosi <b>Giulio Romani</b>, Segretario Generale della First Cisl, presente  e visibilmente commosso all’inaugurazione della Mostra “la luce vince l’ombra. Gli Uffizi a Casal di Principe” che domenica scorsa si è tenuta a Casal Di Principe, nel casale confiscato al boss della camorra Egidio Coppola, detto Brutus e ora  dedicato alla memoria di don Peppe Diana, il parroco ucciso dai sicari del clan il 19 marzo 1993.</p>
<p>“<i>Oggi si è compiuto un vero e proprio miracolo: in pochissimo tempo si sono messi insieme soggetti provenienti dal mondo del lavoro, del sindacato, dell’impresa, dalle istituzioni che, grazie alla collaborazione e all’unità di intenti, hanno dato vita al primo polo museale sorto su un bene confiscato alla mafia</i>” ha dichiarato Romani nel corso dell’inaugurazione della mostra.</p>
<p>La mostra, che fino al 21 ottobre 2015 espone 19 opere d’arte provenienti dagli <b>Uffizi</b>, da <b>Capodimonte</b> e dal <b>museo di Capua, </b>è stata organizzata e allestita in tempi record grazie all’impegno straordinario di un gruppo di sognatori coordinato da <b>Giacinto Palladino, </b>Presidente di First Cisl Social Life – l’associazione di promozione sociale di First Cisl – e <b>Alessandro De Lisi</b> &#8211; responsabile culturale di “R_Rinascita”  e direttore dell’iniziativa “La città degli Uffizi” &#8211;  sotto l’Alto Patronato del Presidente della Repubblica e il sostegno di Confindustria Nazionale.</p>
<p>Per raccontare la luce che vince l’ombra  il Direttore della Galleria degli Uffizi, <b>Antonio Natali, </b>e il Direttore del Polo Museale Regionale della Puglia, <b>Fabrizio Vona, </b>curatori della mostra, hanno scelto grandi capolavori  di immenso valore artistico e forte impatto simbolico. Un percorso museale che non a caso include anche 2 opere danneggiate dall’attentato mafioso del 27 maggio  1993  in cui l’esplosione di un autobomba collocata in via dei Georgofili a Firenze  uccideva 5 persone, ne feriva 50 e danneggiava parte del patrimonio degli uffizi provocando danni anche alle strutture architettoniche.</p>
<p>“È la storia di riscatto che dà l’esempio all’intera Italia”. Ha affermato il ministro dei Beni culturali <b>Dario Franceschini</b> alla conferenza stampa della mostra. “L’avvio – spiega a “Il Mattino” Alessandro De Lisi &#8211;  di una fase rivoluzionaria che vede protagonista la migliore gioventù e le associazioni del territorio”.</p>
<p>La mostra ha fatto anche altri miracoli: ha consentito il  ritorno a Casale dopo 8 anni di Roberto Saviano, accolto dai suoi compaesani con ovazioni ed applausi ma soprattutto ha coinvolto tantissimi giovani tra cui gli 80 “<b>Ambasciatori della Rinascita</b>“, ragazzi che faranno da guida durante i 4 mesi della mostra, narratori di una terra martoriata che vuole vincere <b>Gomorra</b>, scoprendo il bello, il giusto e il legale.</p>
<p>Molti i rappresentanti del mondo sindacale presenti all’inaugurazione provenienti da territori e federazioni vicine e lontane, da <b>Marco Bentivogli</b>, Segretario Generale Fim Cisl a <b>Battista Villa</b>, Segretario Generale della FILCA (federazione edili Cisl) Lombardia, a tantissimi altri.</p>
<p><i>“Come metalmeccanici stiamo lottando qui vicino per difendere i lavoratori della Whirlpool. Questa mostra dimostra che il sindacato può essere impegnato in diversi ma convergenti battaglie per il lavoro, la dignità e la legalità”</i> ha dichiarato un emozionato Bentivogli tra una folla oceanica di Casalesi orgogliosi per una volta di essere rappresentati e raccontati dai mass media di tutto il mondo.</p>
<p>Paola Vinciguerra</p>
<p>&nbsp;</p>
<p>Guarda il video-<b><a class="external-link" href="https://www.youtube.com/watch?v=UE3IZizX5cQ">intervista a Roberto Saviano</a></b>, intervenuto all&#8217;inaugurazione della mostra, il 21 giugno</p>
<p><b><a class="external-link" href="https://www.facebook.com/RinascitaPerCasalDiPrincipe?fref=ts">fbook R_rinascita</a></b></p>
<p>&nbsp;</p>
<p><span class="documentPublished">26/06/2015</span> , <span class="documentAuthor">#firstsociallife</span></p>
</div>
</div>
</div>
<div class="gsp_post_data" 
	            data-post_type="page" 
	            data-cat="" 
	            data-modified="120"
	            data-created="1516273382"
	            data-title="Giornata storica per First Cisl e First Social Life" 
	            data-home="https://www.firstcisl.it/liguria"></div>

<p>Romani: la mostra degli Uffizi a Casal di Principe grande successo della nostra organizzazione “Una giornata memorabile che premia l’impegno, la creatività ed il coraggio di chi nella nostra organizzazione crede nel valore alto e universale del sindacato”. Cosi Giulio Romani, Segretario Generale della First Cisl, presente  e visibilmente commosso all’inaugurazione della Mostra “la luce vince [&hellip;]</p>
