{"id":551,"date":"2017-05-10T11:32:06","date_gmt":"2017-05-10T09:32:06","guid":{"rendered":"http:\/\/www.firstcisl.it\/romaelazio\/?page_id=551"},"modified":"2017-06-29T07:48:46","modified_gmt":"2017-06-29T05:48:46","slug":"convenzioni-2","status":"publish","type":"page","link":"https:\/\/www.firstcisl.it\/lazio\/home\/convenzioni-2\/","title":{"rendered":"Convenzioni"},"content":{"rendered":"<h2><img loading=\"lazy\" decoding=\"async\" class=\"size-medium wp-image-1248 aligncenter\" src=\"https:\/\/www.firstcisl.it\/romaelazio\/wp-content\/uploads\/sites\/16\/2017\/05\/logo_NoiCISL-300x90.png\" alt=\"\" width=\"300\" height=\"90\" srcset=\"https:\/\/www.firstcisl.it\/lazio\/wp-content\/uploads\/sites\/89\/2017\/05\/logo_NoiCISL-300x90.png 300w, https:\/\/www.firstcisl.it\/lazio\/wp-content\/uploads\/sites\/89\/2017\/05\/logo_NoiCISL.png 368w\" sizes=\"auto, (max-width: 300px) 100vw, 300px\" \/><\/h2>\n<p><a href=\"https:\/\/www.noicisl.it\/\" target=\"_blank\" rel=\"noopener\">NoiCISL<\/a>\u00a0\u00e8 una piattaforma che, in modo chiaro e diretto, intende offrire agli iscritti e alle loro famiglie la gamma dei servizi e convenzioni offerti dalla CISL su tutto il territorio nazionale.<\/p>\n<p><a href=\"https:\/\/www.noicisl.it\/\" target=\"_blank\" rel=\"noopener\">NoiCISL<\/a>\u00a0\u00e8 unico nel suo genere. Non \u00e8 un sito di e-commerce n\u00e9 di welfare aziendale. Non \u00e8 questo l\u2019intento ma quello di informare gli iscritti sulle opportunit\u00e0 che la nostra Tessera offre. Da sempre, la Cisl garantisce ai lavoratori, ai pensionati, ai giovani, agli immigrati, maggiori diritti e tutele contrattuali. Da oggi offriamo ai nostri iscritti vantaggi preziosi per affrontare le esigenze e le necessit\u00e0 della vita quotidiana.<\/p>\n<p>Sul sito <a href=\"https:\/\/www.noicisl.it\/\" target=\"_blank\" rel=\"noopener\">NoiCISL<\/a> (oppure chiamando il numero 800.249.307) potrai trovare l\u2019elenco sempre aggiornato dei servizi e delle convenzioni a cui si pu\u00f2 accedere registrandosi con i dati della persona iscritta e con il numero di Tessera elettronica.<\/p>\n<p>Che cosa trovi su\u00a0<a href=\"https:\/\/www.noicisl.it\/\" target=\"_blank\" rel=\"noopener\">NoiCISL<\/a>?<\/p>\n<ol>\n<li>Facilitazioni e sconti offerti dalle nostre convenzioni nei settori del turismo, bancario, assicurativo, energetico e alimentare, trasporti, formazione, hi-tech, elettrodomestici e salute. Solo per fare qualche esempio.<\/li>\n<li>La mappa dei Servizi che, grazie ai nostri uffici ed enti, puoi trovare vicino a casa tua per quanto riguarda pratiche sulla previdenza, assistenza, fisco e in caso di vertenze.<\/li>\n<li>La sezione Welfare che, di volta in volta, informer\u00e0 e pubblicher\u00e0 sui contenuti concreti degli accordi aziendali sulla produttivit\u00e0 che danno diritto ai lavoratori di quelle aziende che li sottoscrivono di usufruire di \u201cgettoni\u201d per il valore del premio da trasformare in servizi per istruzione, sanit\u00e0, sostegno allo studio, flessibilit\u00e0 dell\u2019orario e agevolazioni commerciali. Un tema, quello dei cosiddetti \u201cflexible benefits\u201d, che sta avendo un forte sviluppo grazie al rafforzamento della contrattazione di secondo livello e su cui \u00e8 necessario informare il lavoratore sull\u2019uso corretto.<\/li>\n<\/ol>\n<p>Come vedi,\u00a0<a href=\"https:\/\/www.noicisl.it\/\" target=\"_blank\" rel=\"noopener\">NoiCISL<\/a>\u00a0non \u00e8 solo una piattaforma di servizi. \u00c8 molto di pi\u00f9. Entra nel nostro circuito.<\/p>\n<p>Tutela te stesso e la tua famiglia: usufruisci dei vantaggi dell\u2019essere iscritto alla CISL.<\/p>\n<p>&nbsp;<\/p>\n<p>&nbsp;<\/p>\n<div class=\"gsp_post_data\" \r\n\t            data-post_type=\"page\" \r\n\t            data-cat=\"\" \r\n\t            data-modified=\"120\"\r\n\t            data-created=\"1494415926\"\r\n\t            data-title=\"Convenzioni\" \r\n\t            data-home=\"https:\/\/www.firstcisl.it\/lazio\"><\/div>","protected":false},"excerpt":{"rendered":"<p>NoiCISL\u00a0\u00e8 una piattaforma che, in modo chiaro e diretto, intende offrire agli iscritti e alle loro famiglie la gamma dei servizi e convenzioni offerti dalla CISL su tutto il territorio nazionale. NoiCISL\u00a0\u00e8 unico nel suo genere. Non \u00e8 un sito di e-commerce n\u00e9 di welfare aziendale. Non \u00e8 questo l\u2019intento ma quello di informare gli [&hellip;]<\/p>\n","protected":false},"author":8,"featured_media":1248,"parent":16,"menu_order":0,"comment_status":"closed","ping_status":"closed","template":"","meta":{"footnotes":""},"class_list":["post-551","page","type-page","status-publish","has-post-thumbnail","hentry"],"_links":{"self":[{"href":"https:\/\/www.firstcisl.it\/lazio\/wp-json\/wp\/v2\/pages\/551","targetHints":{"allow":["GET"]}}],"collection":[{"href":"https:\/\/www.firstcisl.it\/lazio\/wp-json\/wp\/v2\/pages"}],"about":[{"href":"https:\/\/www.firstcisl.it\/lazio\/wp-json\/wp\/v2\/types\/page"}],"author":[{"embeddable":true,"href":"https:\/\/www.firstcisl.it\/lazio\/wp-json\/wp\/v2\/users\/8"}],"replies":[{"embeddable":true,"href":"https:\/\/www.firstcisl.it\/lazio\/wp-json\/wp\/v2\/comments?post=551"}],"version-history":[{"count":6,"href":"https:\/\/www.firstcisl.it\/lazio\/wp-json\/wp\/v2\/pages\/551\/revisions"}],"predecessor-version":[{"id":1249,"href":"https:\/\/www.firstcisl.it\/lazio\/wp-json\/wp\/v2\/pages\/551\/revisions\/1249"}],"up":[{"embeddable":true,"href":"https:\/\/www.firstcisl.it\/lazio\/wp-json\/wp\/v2\/pages\/16"}],"wp:featuredmedia":[{"embeddable":true,"href":"https:\/\/www.firstcisl.it\/lazio\/wp-json\/wp\/v2\/media\/1248"}],"wp:attachment":[{"href":"https:\/\/www.firstcisl.it\/lazio\/wp-json\/wp\/v2\/media?parent=551"}],"curies":[{"name":"wp","href":"https:\/\/api.w.org\/{rel}","templated":true}]}}