{"id":1327,"date":"2018-01-24T16:09:14","date_gmt":"2018-01-24T15:09:14","guid":{"rendered":"http:\/\/www.firstcisl.it\/laghi\/?page_id=1327"},"modified":"2018-07-23T12:36:50","modified_gmt":"2018-07-23T10:36:50","slug":"educazione-finanziaria","status":"publish","type":"page","link":"https:\/\/www.firstcisl.it\/laghi\/home\/educazione-finanziaria\/","title":{"rendered":"Educazione Finanziaria"},"content":{"rendered":"<p><strong>SINDACATO CISL BANCARI A SERVIZIO DEI GIOVANI STUDENTI NELLE SCUOLE. \u00a0RESPONSABILITA\u2019 SOCIALE FIRST CISL DEI LAGHI \u00a0PER UNA FINANZA SOSTENIBILE<\/strong><\/p>\n<p>A poche settimane dal lancio dell\u2019iniziativa di educazione finanziaria di base, avvenuta con 2 conferenze stampa a Varese il 22 settembre e a Como il 16 ottobre, sono <strong>gi\u00e0 6 le scuole che hanno aderito<\/strong>.<\/p>\n<p>In collaborazione con il sindacato CISL SCUOLA dei LAGHI, sono coinvolte finora 23 classi dei tre cicli di istruzione, dalla quinta della scuola primaria all\u2019ultimo anno della scuola secondaria di primo e di secondo grado, per un totale di oltre 460 studenti.<\/p>\n<p><em>\u201cLa proposta \u2013 <\/em>dichiara<strong>Alberto BROGGI<\/strong>, segretario generale FIRST CISL \u2013 <em>sta riscuotendo un ottimo successo. Come sindacato andiamo oltre la presenza continua e costante nei luoghi di lavoro a tutela delle lavoratrici e dei lavoratori. La nostra \u00e8 una forma di Responsabilit\u00e0 Sociale a servizio della comunit\u00e0 locale, dei giovani in particolare e si colloca dentro il pi\u00f9 grande progetto FIRST CISL per una finanza sostenibile.\u201d<\/em><\/p>\n<p>Nel nostro paese il livello di educazione finanziaria \u00e8 ancora agli ultimi posti secondo i dati Ocse. Anche la recente <em>Indagine sul Risparmio e sulle scelte finanziarie degli italiani 2017<\/em>del Centro Einaudi di Torino e di Intesa Sanpaolo dimostra che \u00e8 ancora bassa l\u2019alfabetizzazione finanziaria.<\/p>\n<p>\u201c<em>Siamo partiti in questo mese di novembre \u2013 <\/em>afferma <strong>Maurizio LOCATELLI<\/strong>\u2013 Formatore Nazionale e Responsabile didattico del progetto \u2013 <em>abbiamo ad oggi prenotazioni fino a marzo 2018 e in una scuola si sono gi\u00e0 prenotati per il prossimo anno scolastico a partire da ottobre. Come FIRST CISL abbiamo creato un team di 6 esperti bancari del territorio, nostri sindacalisti, che a turno sono coinvolti nel progetto. Grande \u00e8 l\u2019interesse e la partecipazione dimostrata finora dagli studenti e dai docenti\u201d. <\/em><\/p>\n<p>Avere una buona conoscenza finanziaria migliora le scelte e, in prospettiva, la qualit\u00e0 della vita oltre che indurre il sistema verso un nuovo modello di fare banca.<\/p>\n<p>&nbsp;<\/p>\n<p>I 3 VIDEO REALIZZATI DA FIRST CISL DEI LAGHI<\/p>\n<p>EDUCAZIONE FINANZIARIA<\/p>\n<p>&nbsp;<\/p>\n<p>VIDEO 1 &#8211; IL CONTO CORRENTE<\/p>\n<p><iframe loading=\"lazy\" width=\"1170\" height=\"658\" src=\"https:\/\/www.youtube.com\/embed\/cx6KYLneIwk?feature=oembed\" frameborder=\"0\" allow=\"autoplay; encrypted-media\" allowfullscreen><\/iframe><\/p>\n<p>&nbsp;<\/p>\n<p>VIDEO 2 &#8211; GLI STRUMENTI DI PAGAMENTO<\/p>\n<p><iframe loading=\"lazy\" width=\"1170\" height=\"658\" src=\"https:\/\/www.youtube.com\/embed\/G8ykdV9-ynU?feature=oembed\" frameborder=\"0\" allow=\"autoplay; encrypted-media\" allowfullscreen><\/iframe><\/p>\n<p>&nbsp;<\/p>\n<p>VIDEO 3 &#8211; I MUTUI IPOTECARI<\/p>\n<p><iframe loading=\"lazy\" width=\"1170\" height=\"658\" src=\"https:\/\/www.youtube.com\/embed\/HhGBEmBmbWI?feature=oembed\" frameborder=\"0\" allow=\"autoplay; encrypted-media\" allowfullscreen><\/iframe><\/p>\n<p>&nbsp;<\/p>\n<p>RASSEGNA STAMPA<\/p>\n<p><a href=\"https:\/\/www.firstcisl.it\/laghi\/wp-content\/uploads\/sites\/42\/2018\/07\/rassegna-stampa-AZETA-22nov17.pdf\">rassegna stampa AZETA 22nov17<\/a><\/p>\n<p><a href=\"https:\/\/www.firstcisl.it\/laghi\/wp-content\/uploads\/sites\/42\/2018\/07\/rassegna-stampa-AZETA-COMO-17ott2017.pdf\">rassegna stampa AZETA COMO 17ott2017<\/a><\/p>\n<p><a href=\"http:\/\/www.legnanonews.com\/news\/scuola\/913821\/media_san_giulio_a_scuola_di_educazione_finanziaria\">http:\/\/www.legnanonews.com\/news\/scuola\/913821\/media_san_giulio_a_scuola_di_educazione_finanziaria<\/a><\/p>\n<p><a href=\"http:\/\/www.secondowelfare.it\/sindacati\/il-contributo-per-una-finanza-sostenibile-di-first-cisl-un-progetto-di-educazione-finanziaria-nelle.html\">http:\/\/www.secondowelfare.it\/sindacati\/il-contributo-per-una-finanza-sostenibile-di-first-cisl-un-progetto-di-educazione-finanziaria-nelle.html<\/a><\/p>\n<p><a href=\"http:\/\/www.varesenews.it\/2017\/09\/leducazione-finanziaria-deve-iniziare-dalle-scuole-elementari\/653674\/\">http:\/\/www.varesenews.it\/2017\/09\/leducazione-finanziaria-deve-iniziare-dalle-scuole-elementari\/653674\/<\/a><\/p>\n<p>&nbsp;<\/p>\n<p><iframe loading=\"lazy\" width=\"1170\" height=\"658\" src=\"https:\/\/www.youtube.com\/embed\/k-b9UsVUFzw?feature=oembed\" frameborder=\"0\" allow=\"autoplay; encrypted-media\" allowfullscreen><\/iframe><\/p>\n<p><a href=\"http:\/\/rete55news.com\/?s=first+cisl\">http:\/\/rete55news.com\/?s=first+cisl<\/a><\/p>\n<p><a href=\"https:\/\/www.firstcisl.it\/2017\/09\/un-progetto-di-educazione-finanziaria-per-i-giovani-da-first-cisl-dei-laghi\/\">https:\/\/www.firstcisl.it\/2017\/09\/un-progetto-di-educazione-finanziaria-per-i-giovani-da-first-cisl-dei-laghi\/<\/a><\/p>\n<p><a href=\"https:\/\/www.firstcisl.it\/2017\/09\/la-prealpina-sul-progetto-di-first-cisl-dei-laghi-nelle-scuole\/\">https:\/\/www.firstcisl.it\/2017\/09\/la-prealpina-sul-progetto-di-first-cisl-dei-laghi-nelle-scuole\/<\/a><\/p>\n<p>&nbsp;<\/p>\n<p>&nbsp;<\/p>\n<div class=\"gsp_post_data\" \r\n\t            data-post_type=\"page\" \r\n\t            data-cat=\"\" \r\n\t            data-modified=\"120\"\r\n\t            data-created=\"1516810154\"\r\n\t            data-title=\"Educazione Finanziaria\" \r\n\t            data-home=\"https:\/\/www.firstcisl.it\/laghi\"><\/div>","protected":false},"excerpt":{"rendered":"<p>SINDACATO CISL BANCARI A SERVIZIO DEI GIOVANI STUDENTI NELLE SCUOLE. \u00a0RESPONSABILITA\u2019 SOCIALE FIRST CISL DEI LAGHI \u00a0PER UNA FINANZA SOSTENIBILE A poche settimane dal lancio dell\u2019iniziativa di educazione finanziaria di base, avvenuta con 2 conferenze stampa a Varese il 22 settembre e a Como il 16 ottobre, sono gi\u00e0 6 le scuole che hanno aderito. [&hellip;]<\/p>\n","protected":false},"author":2,"featured_media":0,"parent":16,"menu_order":0,"comment_status":"closed","ping_status":"closed","template":"","meta":{"footnotes":""},"class_list":["post-1327","page","type-page","status-publish","hentry"],"_links":{"self":[{"href":"https:\/\/www.firstcisl.it\/laghi\/wp-json\/wp\/v2\/pages\/1327","targetHints":{"allow":["GET"]}}],"collection":[{"href":"https:\/\/www.firstcisl.it\/laghi\/wp-json\/wp\/v2\/pages"}],"about":[{"href":"https:\/\/www.firstcisl.it\/laghi\/wp-json\/wp\/v2\/types\/page"}],"author":[{"embeddable":true,"href":"https:\/\/www.firstcisl.it\/laghi\/wp-json\/wp\/v2\/users\/2"}],"replies":[{"embeddable":true,"href":"https:\/\/www.firstcisl.it\/laghi\/wp-json\/wp\/v2\/comments?post=1327"}],"version-history":[{"count":4,"href":"https:\/\/www.firstcisl.it\/laghi\/wp-json\/wp\/v2\/pages\/1327\/revisions"}],"predecessor-version":[{"id":1405,"href":"https:\/\/www.firstcisl.it\/laghi\/wp-json\/wp\/v2\/pages\/1327\/revisions\/1405"}],"up":[{"embeddable":true,"href":"https:\/\/www.firstcisl.it\/laghi\/wp-json\/wp\/v2\/pages\/16"}],"wp:attachment":[{"href":"https:\/\/www.firstcisl.it\/laghi\/wp-json\/wp\/v2\/media?parent=1327"}],"curies":[{"name":"wp","href":"https:\/\/api.w.org\/{rel}","templated":true}]}}