{"id":732,"date":"2017-07-03T10:25:10","date_gmt":"2017-07-03T08:25:10","guid":{"rendered":"http:\/\/www.firstcisl.it\/deutschebank\/?page_id=732"},"modified":"2025-05-28T13:20:49","modified_gmt":"2025-05-28T11:20:49","slug":"tabelle","status":"publish","type":"page","link":"https:\/\/www.firstcisl.it\/deutschebank\/tabelle\/","title":{"rendered":"Tabelle"},"content":{"rendered":"<ul>\n<li><strong><a href=\"https:\/\/www.firstcisl.it\/wp-content\/uploads\/2023\/11\/2023-11-23_Rinnovo-Ccnl_infografica_FirstCisl.pdf\" target=\"_blank\" rel=\"noopener\">RINNOVO CCNL ABI &#8211; 23 NOVEMBRE 2023<\/a>\n<p><\/strong><\/li>\n<li><a href=\"https:\/\/www.firstcisl.it\/wp-content\/uploads\/2020\/12\/FirstCisl_aumenti_Ccnl_Abi_gennaio2021-1.pdf\"><strong>Ccnl ABI 19\/12\/2019 &#8211; tabella relativa agli aumenti della retribuzione<\/strong><\/a><strong>\u00a0<\/strong><\/li>\n<\/ul>\n<ul>\n<li><a href=\"https:\/\/intranet.firstcisl.it\/mediadms\/pdf\/web\/file_viewer.php?idfile=311\" target=\"_blank\" rel=\"noopener noreferrer\">Tabelle rinnovo CCNL 2011-2014<\/a><\/li>\n<li><a href=\"https:\/\/intranet.firstcisl.it\/mediadms\/pdf\/web\/file_viewer.php?idfile=312\" target=\"_blank\" rel=\"noopener noreferrer\">Tabella indennit\u00e0 di rischio<\/a><\/li>\n<li><a href=\"https:\/\/intranet.firstcisl.it\/mediadms\/pdf\/web\/file_viewer.php?idfile=313\" target=\"_blank\" rel=\"noopener noreferrer\">Tabella missioni e diarie<\/a><\/li>\n<li><a href=\"https:\/\/intranet.firstcisl.it\/mediadms\/pdf\/web\/file_viewer.php?idfile=314\" target=\"_blank\" rel=\"noopener noreferrer\">Tabella assegni di anzianit\u00e0<\/a><\/li>\n<li><a href=\"https:\/\/intranet.firstcisl.it\/mediadms\/pdf\/web\/file_viewer.php?idfile=315\" target=\"_blank\" rel=\"noopener noreferrer\">Tabella VAP 2018 (Esercizio 2017)<\/a><\/li>\n<li><a href=\"https:\/\/intranet.firstcisl.it\/mediadms\/pdf\/web\/file_viewer.php?idfile=393\" target=\"_blank\" rel=\"noopener noreferrer\">Tabella indennit\u00e0 di pendolarismo<\/a><\/li>\n<li><a href=\"https:\/\/intranet.firstcisl.it\/mediadms\/pdf\/web\/file_viewer.php?idfile=317\" target=\"_blank\" rel=\"noopener noreferrer\">Tabella rimborso chilometrico utilizzo auto propria<\/a><\/li>\n<li><a href=\"http:\/\/www.firstdb.it\/Sportello%20previdenza\/Sportello%20prev.%20inps%20tabelle.htm\" target=\"_blank\" rel=\"noopener noreferrer\">Tabelle previdenziali<\/a><\/li>\n<li><a href=\"https:\/\/intranet.firstcisl.it\/mediadms\/pdf\/web\/file_viewer.php?idfile=318\" target=\"_blank\" rel=\"noopener noreferrer\">Tabella scaglioni di reddito per il calcolo dell&#8217;irpef<\/a><\/li>\n<li><a href=\"https:\/\/intranet.firstcisl.it\/mediadms\/pdf\/web\/file_viewer.php?idfile=319\" target=\"_blank\" rel=\"noopener noreferrer\">Quadro sintetico delle qualifiche che consentono l&#8217;iscrizione all&#8217;albo unico del Consulenti Finanziari<\/a><\/li>\n<\/ul>\n<div class=\"gsp_post_data\" \r\n\t            data-post_type=\"page\" \r\n\t            data-cat=\"\" \r\n\t            data-modified=\"120\"\r\n\t            data-created=\"1499077510\"\r\n\t            data-title=\"Tabelle\" \r\n\t            data-home=\"https:\/\/www.firstcisl.it\/deutschebank\"><\/div>","protected":false},"excerpt":{"rendered":"<p>RINNOVO CCNL ABI &#8211; 23 NOVEMBRE 2023 Ccnl ABI 19\/12\/2019 &#8211; tabella relativa agli aumenti della retribuzione\u00a0 Tabelle rinnovo CCNL 2011-2014 Tabella indennit\u00e0 di rischio Tabella missioni e diarie Tabella assegni di anzianit\u00e0 Tabella VAP 2018 (Esercizio 2017) Tabella indennit\u00e0 di pendolarismo Tabella rimborso chilometrico utilizzo auto propria Tabelle previdenziali Tabella scaglioni di reddito per [&hellip;]<\/p>\n","protected":false},"author":1,"featured_media":0,"parent":0,"menu_order":0,"comment_status":"closed","ping_status":"closed","template":"","meta":{"footnotes":""},"class_list":["post-732","page","type-page","status-publish","hentry"],"_links":{"self":[{"href":"https:\/\/www.firstcisl.it\/deutschebank\/wp-json\/wp\/v2\/pages\/732","targetHints":{"allow":["GET"]}}],"collection":[{"href":"https:\/\/www.firstcisl.it\/deutschebank\/wp-json\/wp\/v2\/pages"}],"about":[{"href":"https:\/\/www.firstcisl.it\/deutschebank\/wp-json\/wp\/v2\/types\/page"}],"author":[{"embeddable":true,"href":"https:\/\/www.firstcisl.it\/deutschebank\/wp-json\/wp\/v2\/users\/1"}],"replies":[{"embeddable":true,"href":"https:\/\/www.firstcisl.it\/deutschebank\/wp-json\/wp\/v2\/comments?post=732"}],"version-history":[{"count":19,"href":"https:\/\/www.firstcisl.it\/deutschebank\/wp-json\/wp\/v2\/pages\/732\/revisions"}],"predecessor-version":[{"id":5298,"href":"https:\/\/www.firstcisl.it\/deutschebank\/wp-json\/wp\/v2\/pages\/732\/revisions\/5298"}],"wp:attachment":[{"href":"https:\/\/www.firstcisl.it\/deutschebank\/wp-json\/wp\/v2\/media?parent=732"}],"curies":[{"name":"wp","href":"https:\/\/api.w.org\/{rel}","templated":true}]}}