{"id":704,"date":"2017-05-16T16:02:20","date_gmt":"2017-05-16T14:02:20","guid":{"rendered":"http:\/\/www.firstcisl.it\/creditocooperativo\/?page_id=704"},"modified":"2026-01-08T09:46:16","modified_gmt":"2026-01-08T08:46:16","slug":"cassa-mutua-2","status":"publish","type":"page","link":"https:\/\/www.firstcisl.it\/creditocooperativo\/home\/cassa-mutua-2\/","title":{"rendered":"Cassa mutua nazionale"},"content":{"rendered":"<p><strong><a href=\"http:\/\/www.cmn.bcc.it\/\" target=\"_blank\" rel=\"noopener noreferrer\">Clicca qui<\/a><\/strong> per accedere al sito ufficiale di <strong><a href=\"http:\/\/www.cmn.bcc.it\/\" target=\"_blank\" rel=\"noopener noreferrer\">Cassa mutua nazionale<\/a><\/strong><\/p>\n<p style=\"font-weight: 400\">Cassa mutua nazionale (Cmn) nasce nel 1994 per volont\u00e0 comune delle Organizzazioni sindacali nazionali e Federcasse che sono, a tutt\u2019oggi, le \u201cfonti istitutive\u201d, con l\u2019obiettivo di fornire ai dipendenti del settore BCC una mutua sanitaria.<\/p>\n<p style=\"font-weight: 400\">Non ha finalit\u00e0 di lucro e il suo scopo \u00e8 quello di fornire assistenza ai Destinatari mediante il rimborso delle spese sanitarie sostenute, secondo quanto previsto dal Nomenclatore annuale delle prestazioni, annualmente aggiornato. \u00c8 a tutti gli effetti uno strumento di <em>welfare<\/em> previsto dal Contratto collettivo nazionale di lavoro per \u201c<em>tutti i prestatori di lavoro subordinato, non in prova, alle dipendenze di Aziende e altri organismi operanti nell\u2019ambito del Credito Cooperativo che siano aderenti alla Federazione Italiana delle BCC\/CRA ovvero ad una Federazione locale e che applichino i c.c.n.l. stipulati dalla Federazione Italiana delle BCC\/CRA<\/em>\u201d. Le prestazioni di Cassa mutua nazionale sono estese ai componenti dei nuclei familiari di dipendenti e pensionati (c.d. beneficiari), senza esclusioni imputabili allo stato di salute o ad altre condizioni pregresse rispetto al momento dell\u2019adesione.<\/p>\n<p style=\"font-weight: 400\">Il Nomenclatore annuale delle prestazioni prevede:<\/p>\n<ul>\n<li>il rimborso delle prestazioni sostenute;<\/li>\n<li>l\u2019erogazione di diarie;<\/li>\n<li>l\u2019erogazione di prestazioni presso strutture convenzionate (convenzioni dirette) a livello nazionale e locale;<\/li>\n<li>prestazioni a copertura dello stato di non autosufficienza.<\/li>\n<\/ul>\n<p style=\"font-weight: 400\">Il finanziamento delle prestazioni avviene attraverso contributi, in termini fissi e percentuali, definiti nella contrattazione collettiva nazionale: parte a carico del datore di lavoro e in misura minore a carico di lavoratrici e lavoratori, rispettando il principio di proporzionalit\u00e0 rispetto alle capacit\u00e0 economiche di ogni singolo assistito. <strong>Mutualit\u00e0 e solidariet\u00e0<\/strong> sono i principi cardine su cui si basa Cassa mutua nazionale mettere a fattor comune le risorse di tutti, permette di fronteggiare le necessit\u00e0 di chi, di tempo in tempo, si trova in situazione di maggior bisogno o svantaggio. Un\u2019altra peculiarit\u00e0 di Cmn risiede nel principio di copertura \u201ca vita intera\u201d perch\u00e9 anche il personale in quiescenza (ed il proprio nucleo familiare) mantiene il diritto all\u2019iscrizione, senza limiti di et\u00e0. Le prestazioni offerte da Cmn si sono evolute negli anni, attraverso nuove forme di contribuzione di tipo regionale a partire dal 2012, con finalit\u00e0 di medicina preventiva (check up) e odontoiatrica. A partire dal 2024 i gruppi bancari cooperativi hanno iniziato a costruire modelli di \u201cprestazioni sanitarie aggiuntive\u201d, finanziate da contribuzioni derivanti dalla contrattazione di secondo livello, nel solco della prevenzione e dell\u2019odontoiatria. La persona e le sue necessit\u00e0 al centro, sempre.<\/p>\n<h4><span style=\"color: #006038\">Rappresentanti all\u2019Assemblea dei Destinatari di Cassa Mutua Nazionale<\/span><\/h4>\n<p>Nelle giornate del 7 e 8 maggio 2024 si sono tenute le elezioni dei rappresentanti, di parte sindacale, all\u2019assemblea dei Destinatari di Cassa Mutua Nazionale, cos\u00ec come stabilito dall\u2019articolo 8 dello statuto. Ogni tre anni, infatti, si rinnovano i componenti dell\u2019assemblea, costituita da 1 delegato ogni 500 Destinatari o frazione di 500.\u00a0A seguire l&#8217;elenco delle rappresentanti e dei rappresentanti First Cisl eletti:<\/p>\n<p style=\"text-align: left\">Effettivi: <em><strong>Battistini Christian<\/strong>, <strong>Brandi Valentina<\/strong> e <strong>Lambertini Silvia<\/strong> (Emilia Romagna), <strong>Gallo Paolo<\/strong>, <strong>Mangiaracina Baldo<\/strong> e <strong>Wadan Gamal<\/strong> (Enti Centrali), <strong>Del Bianco Pamela<\/strong><b>\u00a0<\/b>(Friuli Venezia Giulia), <strong>Rosati Marco<\/strong><b>\u00a0<\/b>(Lazio Umbria Sardegna), <b>Patrini Silvia <\/b>e <strong>Frera Michela<\/strong> (Lombardia), <strong>Frezzotti Fernando<\/strong> (Marche), <strong>Craveri Nicola<\/strong> (Piemonte Liguria Valle d\u2019Aosta), <strong>Gagliardi Massimiliano<\/strong> (Puglia Basilicata), <strong>Vignaga Luca<\/strong>, <strong>Fornasiero Massimo<\/strong> e <strong>Balasso Angelo<\/strong> (Veneto).<\/em><i><\/i><\/p>\n<div>\n<p class=\"p3\" style=\"text-align: left\" align=\"center\">Supplenti: <em><strong>Braschi Linda<\/strong>, <strong>Boschi Matteo<\/strong>, <strong>Guaraldi Alessia<\/strong> e <strong>Pieri Luca<\/strong> (Emilia Romagna), <strong>Arras Elsa<\/strong>, <strong>Brancato Alfio<\/strong> e <strong>Del Giudice Stefano<\/strong>\u00a0(Enti Centrali), <strong>Cannellotto Elisa<\/strong>(Friuli Venezia Giulia), <strong>Penna Gaetano<\/strong>(Lazio Umbria Sardegna), <b>Albertazzi Claudia<\/b>,<b> Beltrami Elena<\/b> e <strong>Tupputi Rossella<\/strong> (Lombardia), <strong>Sparaventi Alfredo<\/strong> (Marche), <strong>Martini Mauro<\/strong> (Piemonte Liguria Valle d\u2019Aosta), <strong>Giurano Agnese<\/strong> (Puglia Basilicata), <strong>De Martin Antonio <\/strong>e <b>Galantini Silvio<\/b> (Veneto).<\/em><\/p>\n<\/div>\n<p>Sono componenti degli Organismi statutari:<\/p>\n<ul>\n<li><strong>Di Noia Andrea<\/strong>, c<em>omponente del Comitato amministratore;\u00a0<\/em><\/li>\n<li><strong>Castellani Riccardo<\/strong>, <em>Presidente del Collegio dei revisori.<\/em><\/li>\n<\/ul>\n<h3><\/h3>\n<p>&nbsp;<\/p>\n<p><strong><a href=\"https:\/\/www.firstcisl.it\/creditocooperativo\/la-newsletter-di-first-cisl-credito-cooperativo\/\" target=\"_blank\" rel=\"noopener\">Clicca qu<\/a>i <\/strong>per la <span style=\"color: #006038\"><strong><a style=\"color: #006038\" href=\"https:\/\/www.firstcisl.it\/creditocooperativo\/la-newsletter-di-first-cisl-credito-cooperativo\/\" target=\"_blank\" rel=\"noopener\">newsletter<\/a><\/strong><\/span> di First Cisl Credito Cooperativo<\/p>\n<h4><span style=\"color: #006038\">Scrivici<\/span><\/h4>\n<p>\u00c8 inoltre a disposizione l&#8217;indirizzo e-mail <a href=\"mailto:cmnchevorrei@firstcisl.it\"><span style=\"color: #006038\"><strong>cmnchevorrei@firstcisl.it<\/strong><\/span><\/a> per poter fornire tutti i suggerimenti alle nostre e ai nostri delegati affinch\u00e9 possano proporli all&#8217;Assemblea dei rappresentanti dei Beneficiari di Cassa Mutua Nazionale.<\/p>\n<p>&nbsp;<\/p>\n<div class=\"gsp_post_data\" \r\n\t            data-post_type=\"page\" \r\n\t            data-cat=\"\" \r\n\t            data-modified=\"120\"\r\n\t            data-created=\"1494950540\"\r\n\t            data-title=\"Cassa mutua nazionale\" \r\n\t            data-home=\"https:\/\/www.firstcisl.it\/creditocooperativo\"><\/div>","protected":false},"excerpt":{"rendered":"<p>Clicca qui per accedere al sito ufficiale di Cassa mutua nazionale Cassa mutua nazionale (Cmn) nasce nel 1994 per volont\u00e0 comune delle Organizzazioni sindacali nazionali e Federcasse che sono, a tutt\u2019oggi, le \u201cfonti istitutive\u201d, con l\u2019obiettivo di fornire ai dipendenti del settore BCC una mutua sanitaria. Non ha finalit\u00e0 di lucro e il suo scopo [&hellip;]<\/p>\n","protected":false},"author":2,"featured_media":0,"parent":16,"menu_order":0,"comment_status":"closed","ping_status":"closed","template":"","meta":{"footnotes":""},"class_list":["post-704","page","type-page","status-publish","hentry"],"_links":{"self":[{"href":"https:\/\/www.firstcisl.it\/creditocooperativo\/wp-json\/wp\/v2\/pages\/704","targetHints":{"allow":["GET"]}}],"collection":[{"href":"https:\/\/www.firstcisl.it\/creditocooperativo\/wp-json\/wp\/v2\/pages"}],"about":[{"href":"https:\/\/www.firstcisl.it\/creditocooperativo\/wp-json\/wp\/v2\/types\/page"}],"author":[{"embeddable":true,"href":"https:\/\/www.firstcisl.it\/creditocooperativo\/wp-json\/wp\/v2\/users\/2"}],"replies":[{"embeddable":true,"href":"https:\/\/www.firstcisl.it\/creditocooperativo\/wp-json\/wp\/v2\/comments?post=704"}],"version-history":[{"count":36,"href":"https:\/\/www.firstcisl.it\/creditocooperativo\/wp-json\/wp\/v2\/pages\/704\/revisions"}],"predecessor-version":[{"id":7357,"href":"https:\/\/www.firstcisl.it\/creditocooperativo\/wp-json\/wp\/v2\/pages\/704\/revisions\/7357"}],"up":[{"embeddable":true,"href":"https:\/\/www.firstcisl.it\/creditocooperativo\/wp-json\/wp\/v2\/pages\/16"}],"wp:attachment":[{"href":"https:\/\/www.firstcisl.it\/creditocooperativo\/wp-json\/wp\/v2\/media?parent=704"}],"curies":[{"name":"wp","href":"https:\/\/api.w.org\/{rel}","templated":true}]}}