{"id":733,"date":"2023-11-23T09:50:52","date_gmt":"2023-11-23T08:50:52","guid":{"rendered":"https:\/\/www.firstcisl.it\/ccnl-abi\/?page_id=733"},"modified":"2026-01-21T10:13:20","modified_gmt":"2026-01-21T09:13:20","slug":"verbale-di-accordo-interpretativo","status":"publish","type":"page","link":"https:\/\/www.firstcisl.it\/ccnl-abi\/verbale-di-accordo-interpretativo\/","title":{"rendered":"Verbale di accordo interpretativo"},"content":{"rendered":"<div class=\"contenuto-first8\">\n<div style=\"width: 100%; text-align: center;\">Il 12 gennaio 2012, in Roma<\/div>\n<div style=\"width: 100%; text-align: center;\"><em>(Omissis)<\/em><\/div>\n<div style=\"width: 100%; text-align: center;\">Premesso che:<\/div>\n<ul class=\"lista-trattinoaa1\">\n<li style=\"margin-bottom: 20px;\">con l\u2019accordo quadro stipulato l\u20198 luglio 2011 in tema di Fondo di solidariet\u00e0 per la riconversione e riqualificazione professionale, per il sostegno dell\u2019occupazione e del reddito del personale del credito, le Parti hanno convenuto al punto 3 e con le conseguenti modifiche e\/o integrazioni al Regolamento del Fondo (art. 10, comma 9) riportate nell\u2019allegato all\u2019accordo quadro stesso, che \u201cnei confronti dei lavoratori il cui trattamento pensionistico \u00e8 integralmente calcolato con il sistema retributivo, l\u2019assegno straordinario netto \u00e8 ridotto del:\n<ul style=\"list-style-type: disc;\">\n<li style=\"margin-bottom: 20px;\">8% qualora l\u2019ultima retribuzione annua lorda sia inferiore o pari a 38.000,00 euro;<\/li>\n<li style=\"margin-bottom: 20px;\">11% qualora l\u2019ultima retribuzione annua lorda sia superiore a 38.000,00 euro\u201d;<\/li>\n<\/ul>\n<\/li>\n<li style=\"margin-bottom: 20px;\">con verbale di accordo stipulato il 20 ottobre 2011, le medesime Parti hanno chiarito che tali previsioni \u201cnon si applicano ai lavoratori destinatari dell\u2019assegno straordinario sulla base di accordi aziendali stipulati prima dell\u20198 luglio 2011\u201d;<\/li>\n<li>l\u2019art. 24, comma 2, del D.L. 6 dicembre 2011, n. 201, convertito in L. 22 dicembre 2011, n. 214, ha previsto che \u201ca decorrere dal 1\u00b0 gennaio 2012, con riferimento alle anzianit\u00e0 contributive maturate a decorrere da tale data, la quota di pensione corrispondente a tali anzianit\u00e0 \u00e8 calcolata secondo il sistema contributivo\u201d,<\/li>\n<\/ul>\n<div style=\"width: 100%; text-align: left;\">le Parti convengono che<\/div>\n<p>la riduzione percentuale dell\u2019assegno di cui all\u2019accordo quadro 8 luglio 2011, punto 3, indicato in premessa, si applichi a tutti coloro che alla data dell\u20198 luglio 2011 risultavano integralmente destinatari del sistema retributivo per il calcolo della pensione e che accedano al Fondo sulla base di accordi stipulati successivamente a tale data.<br \/>\n<span class=\"prima-parola\">A<\/span> far tempo dal 1\u00b0 gennaio 2012 la riduzione di cui sopra si applica limitatamente alla quota di trattamento relativa alle anzianit\u00e0 contributive maturate antecedentemente a tale data, al lordo dell\u2019eventuale riduzione di cui all\u2019ultimo periodo del comma 10 dell\u2019art. 24 della l. n. 214 del 2011.<\/p>\n<div style=\"text-align: center; margin-top: 50px; margin-bottom: 50px;\"><b><a class=\"sottolink5\" href=\"https:\/\/www.firstcisl.it\/ccnl-abi\/indice-ccnl-abi-2023\/\">Torna all&#8217;indice<\/a><\/b><\/div>\n<\/div>\n<nav class=\"ccnl-nav\" aria-label=\"Navigazione capitoli\"><a class=\"ccnl-nav__item ccnl-nav__prev\" href=\"https:\/\/www.firstcisl.it\/ccnl-abi\/verbale-di-accordo\/\"><br \/>\n<span class=\"ccnl-nav__arrow\" aria-hidden=\"true\">\u25c0<\/span><br \/>\n<span class=\"ccnl-nav__title\">Verbale di accordo<\/span><br \/>\n<span class=\"ccnl-nav__short\">Precedente<\/span><br \/>\n<\/a><a class=\"ccnl-nav__item ccnl-nav__next\" href=\"https:\/\/www.firstcisl.it\/ccnl-abi\/adeguamento-del-fondo-di-solidarieta-per-la-riconversione-e-riqualificazione-professionale-per-il-sostegno-delloccupazione-e-del-reddito-del-personale-del-credito-alla-legge-28-giugno-2012\/\"><br \/>\n<span class=\"ccnl-nav__arrow\" aria-hidden=\"true\">\u25b6<\/span><br \/>\n<span class=\"ccnl-nav__title\">Adeguamento del Fondo di solidariet\u00e0 per la riconversione e riqualificazione professionale, per il sostegno dell\u2019occupazione e del reddito del personale del credito alla legge 28 giugno 2012, n. 92 Verbale di accordo<\/span><br \/>\n<span class=\"ccnl-nav__short\">Successivo<\/span><br \/>\n<\/a><\/nav>\n<div class=\"gsp_post_data\" \r\n\t            data-post_type=\"page\" \r\n\t            data-cat=\"\" \r\n\t            data-modified=\"120\"\r\n\t            data-created=\"1700733052\"\r\n\t            data-title=\"Verbale di accordo interpretativo\" \r\n\t            data-home=\"https:\/\/www.firstcisl.it\/ccnl-abi\"><\/div>","protected":false},"excerpt":{"rendered":"<p>Il 12 gennaio 2012, in Roma (Omissis) Premesso che: con l\u2019accordo quadro stipulato l\u20198 luglio 2011 in tema di Fondo di solidariet\u00e0 per la riconversione e riqualificazione professionale, per il sostegno dell\u2019occupazione e del reddito del personale del credito, le Parti hanno convenuto al punto 3 e con le conseguenti modifiche e\/o integrazioni al Regolamento [&hellip;]<\/p>\n","protected":false},"author":55,"featured_media":0,"parent":0,"menu_order":0,"comment_status":"closed","ping_status":"closed","template":"","meta":{"footnotes":""},"class_list":["post-733","page","type-page","status-publish","hentry"],"_links":{"self":[{"href":"https:\/\/www.firstcisl.it\/ccnl-abi\/wp-json\/wp\/v2\/pages\/733","targetHints":{"allow":["GET"]}}],"collection":[{"href":"https:\/\/www.firstcisl.it\/ccnl-abi\/wp-json\/wp\/v2\/pages"}],"about":[{"href":"https:\/\/www.firstcisl.it\/ccnl-abi\/wp-json\/wp\/v2\/types\/page"}],"author":[{"embeddable":true,"href":"https:\/\/www.firstcisl.it\/ccnl-abi\/wp-json\/wp\/v2\/users\/55"}],"replies":[{"embeddable":true,"href":"https:\/\/www.firstcisl.it\/ccnl-abi\/wp-json\/wp\/v2\/comments?post=733"}],"version-history":[{"count":8,"href":"https:\/\/www.firstcisl.it\/ccnl-abi\/wp-json\/wp\/v2\/pages\/733\/revisions"}],"predecessor-version":[{"id":1422,"href":"https:\/\/www.firstcisl.it\/ccnl-abi\/wp-json\/wp\/v2\/pages\/733\/revisions\/1422"}],"wp:attachment":[{"href":"https:\/\/www.firstcisl.it\/ccnl-abi\/wp-json\/wp\/v2\/media?parent=733"}],"curies":[{"name":"wp","href":"https:\/\/api.w.org\/{rel}","templated":true}]}}