{"id":4,"date":"2017-02-02T17:02:09","date_gmt":"2017-02-02T16:02:09","guid":{"rendered":"http:\/\/www.firstcisl.it\/bancadiasti\/?page_id=4"},"modified":"2025-06-08T23:58:03","modified_gmt":"2025-06-08T21:58:03","slug":"chi-siamo","status":"publish","type":"page","link":"https:\/\/www.firstcisl.it\/bancadiasti\/chi-siamo\/","title":{"rendered":"Chi siamo"},"content":{"rendered":"<section class=\"wpb-content-wrapper\"><p>[vc_row][vc_column][vc_single_image image=&#8221;785&#8243; img_size=&#8221;large&#8221;][vc_column_text]<\/p>\n<h2><\/h2>\n<div id=\"main\"><\/div>\n<p>[\/vc_column_text][\/vc_column][\/vc_row][vc_row][vc_column][vc_column_text]<\/p>\n<h2 class=\"documentFirstHeading\">Coordinamento First Cisl Banca di Asti<\/h2>\n<p>In questo spazio troverete le informazioni relative alla struttura sindacale aziendale della Banca di Asti. Sosteniamo da sempre la necessit\u00e0 di un sindacato di qualit\u00e0, basato sulla condivisione di valori e principi di solidariet\u00e0, conoscenza e competenza. Informare costantemente i colleghi iscritti delle nostre attivit\u00e0 e rendere loro un servizio migliore in termini di efficienza e rapidit\u00e0.<\/p>\n<div id=\"viewlet-below-content-title\">\n<p><span class=\"title\"><span class=\"title\"><span class=\"title\">Per contattarci scrivi a:<strong>\u00a0<\/strong><\/span><\/span><\/span><strong><a href=\"mailto:firstcisl@bancadiasti.it\">firstcisl@bancadiasti.it<\/a><\/strong><\/p>\n<p>&nbsp;<\/p>\n<\/div>\n<div>\n<h3>Segreteria Coordinamento First Cisl<\/h3>\n<p><strong>Ruiu Fabio\u00a0 \u00a0 \u00a0 \u00a0 \u00a0 \u00a0 \u00a0 \u00a0 \u00a0Segretario Responsabile\u00a0 \u00a0 \u00a0 \u00a0 \u00a0 \u00a0 \u00a0 \u00a0 \u00a0 \u00a0 \u00a0 \u00a0 \u00a0 \u00a0 \u00a0 \u00a0 \u00a0 \u00a0 \u00a0 \u00a0 \u00a0 <\/strong>Ufficio Crediti Speciali &#8211; 339 6114335<br \/>\n<b>Serra Roberto<\/b>\u00a0 \u00a0 \u00a0 \u00a0 \u00a0 \u00a0<strong>Segretario Aggiunto\u00a0 \u00a0 \u00a0 \u00a0 \u00a0 \u00a0 \u00a0 \u00a0 \u00a0 \u00a0 \u00a0 \u00a0 \u00a0 \u00a0 \u00a0 \u00a0 \u00a0 \u00a0 \u00a0 \u00a0 \u00a0 \u00a0 \u00a0 \u00a0 <\/strong>\u00a0 \u00a0 \u00a0 \u00a0 \u00a0 \u00a0 \u00a0 \u00a0 \u00a0 \u00a0 \u00a0 \u00a0 \u00a0 \u00a0 \u00a0 \u00a0 \u00a0 \u00a0 \u00a0 \u00a0 \u00a0 &#8211; 389 0986410<br \/>\n<strong>Schillaci Carmela<\/strong>\u00a0 \u00a0 <strong>Segretaria e<br \/>\n<\/strong><strong>\u00a0 \u00a0 \u00a0 \u00a0 \u00a0 \u00a0 \u00a0 \u00a0 \u00a0 \u00a0 \u00a0 \u00a0 \u00a0 \u00a0 \u00a0 \u00a0 \u00a0 \u00a0 referente donne e politiche di parita&#8217; di genere\u00a0 \u00a0<\/strong>Ufficio Crediti Speciali\u00a0 &#8211; 340 6699869<\/p>\n<h3>Altri componenti del Coordinamento allargato First Cisl<\/h3>\n<p><strong>Bordone Silvia\u00a0 \u00a0 \u00a0 \u00a0 \u00a0 <\/strong>Ufficio Credito a Privati<strong><br \/>\nCris\u00e0 Simona<\/strong>\u00a0 \u00a0 \u00a0 \u00a0 \u00a0 \u00a0 Filiale di Gallo di Grinzane Cavour<br \/>\n<strong>Minazio Roberto\u00a0 \u00a0 \u00a0 <\/strong>Filiale di Biella Principale<strong><br \/>\nNonne Guido\u00a0 \u00a0 \u00a0 \u00a0 \u00a0 \u00a0 <\/strong>Ufficio Gestione Operativa Credito<br \/>\n<strong>Passini\u00a0Pietro<\/strong>\u00a0 \u00a0 \u00a0 \u00a0 \u00a0 \u00a0Filiale di Moncalieri<br \/>\n<strong>Piovano Silvia<\/strong>\u00a0 \u00a0 \u00a0 \u00a0 \u00a0 Rete Private Asti<br \/>\n<strong>Pisanzio Paola<\/strong>\u00a0 \u00a0 \u00a0 \u00a0 \u00a0Filiale di Vercelli Principale<br \/>\n<strong>Rui Giulia\u00a0 \u00a0 \u00a0 \u00a0 \u00a0 \u00a0 \u00a0 \u00a0 \u00a0<\/strong> Filiale di Milano<strong><br \/>\nSacco\u00a0Filippo<\/strong>\u00a0 \u00a0 \u00a0 \u00a0 \u00a0 \u00a0Filiale di Refrancore<br \/>\n<strong>Saracco Fabio<\/strong>\u00a0 \u00a0 \u00a0 \u00a0 \u00a0 Filiale di Robella<\/p>\n<\/div>\n<div><\/div>\n<div id=\"content-core\">\n<p>&nbsp;<\/p>\n<\/div>\n<p>[\/vc_column_text][\/vc_column][\/vc_row]<\/p>\n<div class=\"gsp_post_data\" \r\n\t            data-post_type=\"page\" \r\n\t            data-cat=\"\" \r\n\t            data-modified=\"120\"\r\n\t            data-created=\"1486054929\"\r\n\t            data-title=\"Chi siamo\" \r\n\t            data-home=\"https:\/\/www.firstcisl.it\/bancadiasti\"><\/div><\/section>","protected":false},"excerpt":{"rendered":"<p>[vc_row][vc_column][vc_single_image image=&#8221;785&#8243; img_size=&#8221;large&#8221;][vc_column_text] [\/vc_column_text][\/vc_column][\/vc_row][vc_row][vc_column][vc_column_text] Coordinamento First Cisl Banca di Asti In questo spazio troverete le informazioni relative alla struttura sindacale aziendale della Banca di Asti. Sosteniamo da sempre la necessit\u00e0 di un sindacato di qualit\u00e0, basato sulla condivisione di valori e principi di solidariet\u00e0, conoscenza e competenza. Informare costantemente i colleghi iscritti delle nostre attivit\u00e0 [&hellip;]<\/p>\n","protected":false},"author":1,"featured_media":0,"parent":0,"menu_order":0,"comment_status":"closed","ping_status":"closed","template":"","meta":{"footnotes":""},"class_list":["post-4","page","type-page","status-publish","hentry"],"_links":{"self":[{"href":"https:\/\/www.firstcisl.it\/bancadiasti\/wp-json\/wp\/v2\/pages\/4","targetHints":{"allow":["GET"]}}],"collection":[{"href":"https:\/\/www.firstcisl.it\/bancadiasti\/wp-json\/wp\/v2\/pages"}],"about":[{"href":"https:\/\/www.firstcisl.it\/bancadiasti\/wp-json\/wp\/v2\/types\/page"}],"author":[{"embeddable":true,"href":"https:\/\/www.firstcisl.it\/bancadiasti\/wp-json\/wp\/v2\/users\/1"}],"replies":[{"embeddable":true,"href":"https:\/\/www.firstcisl.it\/bancadiasti\/wp-json\/wp\/v2\/comments?post=4"}],"version-history":[{"count":62,"href":"https:\/\/www.firstcisl.it\/bancadiasti\/wp-json\/wp\/v2\/pages\/4\/revisions"}],"predecessor-version":[{"id":1877,"href":"https:\/\/www.firstcisl.it\/bancadiasti\/wp-json\/wp\/v2\/pages\/4\/revisions\/1877"}],"wp:attachment":[{"href":"https:\/\/www.firstcisl.it\/bancadiasti\/wp-json\/wp\/v2\/media?parent=4"}],"curies":[{"name":"wp","href":"https:\/\/api.w.org\/{rel}","templated":true}]}}

<section class="wpb-content-wrapper"><p>[vc_row][vc_column][vc_single_image image=&#8221;785&#8243; img_size=&#8221;large&#8221;][vc_column_text]</p>
<h2></h2>
<div id="main"></div>
<p>[/vc_column_text][/vc_column][/vc_row][vc_row][vc_column][vc_column_text]</p>
<h2 class="documentFirstHeading">Coordinamento First Cisl Banca di Asti</h2>
<p>In questo spazio troverete le informazioni relative alla struttura sindacale aziendale della Banca di Asti. Sosteniamo da sempre la necessità di un sindacato di qualità, basato sulla condivisione di valori e principi di solidarietà, conoscenza e competenza. Informare costantemente i colleghi iscritti delle nostre attività e rendere loro un servizio migliore in termini di efficienza e rapidità.</p>
<div id="viewlet-below-content-title">
<p><span class="title"><span class="title"><span class="title">Per contattarci scrivi a:<strong> </strong></span></span></span><strong><a href="mailto:firstcisl@bancadiasti.it">firstcisl@bancadiasti.it</a></strong></p>
<p>&nbsp;</p>
</div>
<div>
<h3>Segreteria Coordinamento First Cisl</h3>
<p><strong>Ruiu Fabio                 Segretario Responsabile                                          </strong>Ufficio Crediti Speciali &#8211; 339 6114335<br />
<b>Serra Roberto</b>           <strong>Segretario Aggiunto                                                </strong>                                          &#8211; 389 0986410<br />
<strong>Schillaci Carmela</strong>    <strong>Segretaria e<br />
</strong><strong>                                    referente donne e politiche di parita&#8217; di genere   </strong>Ufficio Crediti Speciali  &#8211; 340 6699869</p>
<h3>Altri componenti del Coordinamento allargato First Cisl</h3>
<p><strong>Bordone Silvia          </strong>Ufficio Credito a Privati<strong><br />
Crisà Simona</strong>            Filiale di Gallo di Grinzane Cavour<br />
<strong>Minazio Roberto      </strong>Filiale di Biella Principale<strong><br />
Nonne Guido            </strong>Ufficio Gestione Operativa Credito<br />
<strong>Passini Pietro</strong>           Filiale di Moncalieri<br />
<strong>Piovano Silvia</strong>          Rete Private Asti<br />
<strong>Pisanzio Paola</strong>         Filiale di Vercelli Principale<br />
<strong>Rui Giulia                 </strong> Filiale di Milano<strong><br />
Sacco Filippo</strong>           Filiale di Refrancore<br />
<strong>Saracco Fabio</strong>          Filiale di Robella</p>
</div>
<div></div>
<div id="content-core">
<p>&nbsp;</p>
</div>
<p>[/vc_column_text][/vc_column][/vc_row]</p>
<div class="gsp_post_data" 
	            data-post_type="page" 
	            data-cat="" 
	            data-modified="120"
	            data-created="1486054929"
	            data-title="Chi siamo" 
	            data-home="https://www.firstcisl.it/bancadiasti"></div></section>

<p>[vc_row][vc_column][vc_single_image image=&#8221;785&#8243; img_size=&#8221;large&#8221;][vc_column_text] [/vc_column_text][/vc_column][/vc_row][vc_row][vc_column][vc_column_text] Coordinamento First Cisl Banca di Asti In questo spazio troverete le informazioni relative alla struttura sindacale aziendale della Banca di Asti. Sosteniamo da sempre la necessità di un sindacato di qualità, basato sulla condivisione di valori e principi di solidarietà, conoscenza e competenza. Informare costantemente i colleghi iscritti delle nostre attività [&hellip;]</p>
